*i + 7*i - 4 = 3*t, 5*i = -2*t + 14. Let a(o) = o**2 - 4*o - o + 3*o + i. What is the tens digit of a(5)?
1
Suppose 0 = 4*f + 2*w + 2*w - 92, -83 = -3*f + 4*w. Suppose 0 = -h + 4*z + f, 0*h + z = 2*h - 57. What is the units digit of h?
9
Let n = 7 - 16. Let l = n + 9. Suppose -5 = v, -2*j - 3*v + l = -11. What is the units digit of j?
3
Let l(p) = -p**3 + 13*p**2 + 3. Let y be l(13). Suppose k = 3*t - 30, -y*k + 5*t + 230 = -8*k. What is the tens digit of -12*(k/4)/7?
1
Suppose 0 = -j + 4*v + 7, -4*v = j - 47. Suppose 0 = 5*n + 2 - j. What is the units digit of n?
5
Suppose -4*r = 2*r - 126. Let p = r - 23. What is the units digit of 207/5 - p/(-5)?
1
Let d(y) = y + 9. Let k be d(-2). Suppose -2*s + k*s - 120 = 0. What is the units digit of ((-12)/s)/((-2)/264)?
6
Suppose 2*z + 0*o + 2*o - 28 = 0, 3*o + 66 = 3*z. Let i = z + -9. What is the units digit of (24/i)/((-5)/(-30))?
6
Suppose 26*z = -12*z + 23902. What is the tens digit of z?
2
Suppose 4*y = -4*p + 148, -328 + 119 = -5*y + 3*p. Let w = -34 + y. What is the units digit of w?
6
Suppose 26*s - 32*s = -27432. What is the units digit of s?
2
Let w(s) = 2*s**2 + 2*s - 4. Let x be w(3). Let a = x - -18. Suppose 5*z = 3*u - 4 - 12, -5*u = 3*z - a. What is the units digit of u?
7
Let n be 2/(-4) + (-273)/(-6). Let m(r) = -r + 15. Let y be m(13). Suppose t + 67 = 4*s + y, -4*s = 3*t - n. What is the tens digit of s?
1
Suppose 4*z + 42 = 2*b, -2*z + 5*z - 12 = 0. Suppose -b = -2*i + w - 2*w, -5*w = -i - 2. Suppose y - i = 4. What is the tens digit of y?
1
Suppose 9 = -3*s, 5*x + s + 2*s = 1. Suppose -2*y - x*y = -68. What is the tens digit of y?
1
Suppose -5*f = -3*i - 0 + 4, -3*i - 4*f - 14 = 0. Let m(s) = -s**3 + s - 1. Let c be m(i). What is the units digit of (30/(-25))/((-1)/c)?
6
Suppose 4 + 12 = 4*n. Suppose n*f = 47 + 33. What is the units digit of f?
0
What is the units digit of 6*(3 + (-18300)/(-24))?
3
Let k(z) = 62*z - 362. What is the units digit of k(12)?
2
Let u(p) = 17*p**2 - 22*p + 28. What is the hundreds digit of u(-9)?
6
Let c be (-78)/13*(-2)/3. Let x(n) = 0*n - 35 - n + 26 + 5*n**2. What is the units digit of x(c)?
7
Let b = -1646 + 2531. What is the tens digit of b?
8
Let h(b) = b**3 - b**2 - b + 30. Let l(t) = t**3 + 3*t**2 - 9*t + 5. Let d be l(-5). What is the tens digit of h(d)?
3
Let y(i) = -3*i**2 + 208*i - 212*i + 13*i**2 + 5. What is the units digit of y(4)?
9
Let t(r) = 5*r + 22. Let c(j) = 5*j + 22. Let k(m) = -6*c(m) + 7*t(m). What is the units digit of k(10)?
2
Let p = -218 - -1061. What is the tens digit of p?
4
Let x = 437 - -142. What is the tens digit of x?
7
Suppose 2*r + 8 = 4*g, -4*g + g = -3*r. Let x be 868/12 + 3/(-9). Suppose 0*s = 2*s - 8, g*c - x = -5*s. What is the tens digit of c?
1
Let g = 23 - 37. What is the tens digit of (-175)/10*8/g?
1
Suppose -4051 - 2379 = -5*w. What is the hundreds digit of w?
2
Let q = 7032 - 2923. What is the tens digit of q?
0
Suppose 2*p = -p - 3*h + 6, 0 = -p - 2*h + 1. Suppose 0 = d - 4*d + p. What is the units digit of d?
1
Let b be 1*(-1 - (-1 + 3)). Let r be b/(84/16)*-7. Suppose 95 = r*a - 4*w + 7, 0 = 5*a - 3*w - 106. What is the tens digit of a?
2
Let m = -394 + 371. Let o(f) = -f**2 + 3*f - 6. Let r be o(4). Let s = r - m. What is the tens digit of s?
1
Suppose c - 20 = -4*c. Suppose 0 = -c*l - 0*l + 336. What is the tens digit of l?
8
Let c(n) = 15*n - 8. Let x be -1 - -1*(-2 - -9). What is the units digit of c(x)?
2
Let g(t) = 3*t**2 - 7*t - 47. What is the hundreds digit of g(18)?
7
Let b = 238 - 224. What is the units digit of b?
4
Let v = 3209 - 2006. What is the hundreds digit of v?
2
Let x be (4/12*-97)/((-1)/(-3)). What is the tens digit of (-3 + 7)*x/(-2) + -4?
9
What is the tens digit of ((-5799)/(-9))/(48/144)?
3
Let f = -41 + 38. What is the units digit of f*(1 + 0) - -66?
3
Suppose 10*p - 5876 + 2286 = 0. What is the tens digit of p?
5
Suppose -5*v - 16 = 2*c, 4 = -4*c - 2*v - v. Let s = -28 - -40. Suppose -2*f + q + 6 = 0, -c*q + s = f + f. What is the units digit of f?
4
Let v(o) = 2*o**3 + 81*o**2 + 116*o + 49. What is the tens digit of v(-39)?
8
Let c(r) = 6*r**3 - 12*r**2 + 9*r - 12. What is the tens digit of c(6)?
0
Let j(p) = -p**3 + 8*p**2 - p - 4. Let i be j(8). Let o = 15 + i. Suppose o*x - 54 = -0*x. What is the tens digit of x?
1
Suppose 3822 = 6*i + 1536. What is the hundreds digit of i?
3
Suppose 2*c - c = 2. Let s = c + 0. What is the units digit of 4/s - (-14 + -6)?
2
Let s = -1380 - -2010. What is the hundreds digit of s?
6
Suppose 0 = -3*h - 4*x + 1072 - 135, 2*h + 2*x = 626. What is the hundreds digit of h?
3
Let u(j) = j**3 + 2*j**2 - 3*j. Let s be u(-3). Suppose 0 = f - 5, -o + 129 = -s*o - f. What is the hundreds digit of o?
1
Suppose 4*x = -4*u + 484, 5*x + 117 = 6*x + 2*u. Suppose 5*b + 4*m + 9 = 29, 5 = -b + m. Suppose 0 = -5*l + 3*n + x, b*n - 5 = -n. What is the tens digit of l?
2
Suppose k - 562 = -3*s, -5*s = k + k - 1127. What is the tens digit of k?
7
Let h = 127 - -23. Suppose -5*f - h = -n, 117 = 5*n + 3*f - 773. What is the units digit of n?
5
Let v be -2 + 3*15/9. Let r = 0 + v. Suppose -r*f - 3*q + 150 = 0, 0*f + 4*f - 3*q - 193 = 0. What is the tens digit of f?
4
Let m(j) = 2*j**3 - 8*j**2 - 6*j + 11. Let b be m(6). Let c = b + -38. What is the tens digit of c?
8
Suppose 7*v - 111 = 484. Suppose -5*o = -105 - v. What is the units digit of o?
8
Let h be -51*(-32)/12 + -1 + -2. Let c = h + -75. What is the units digit of c?
8
Suppose 0 = -4*p + d + 3373, -5*p - 3*d = -2*p - 2526. Let b be 4/(-32) + p/24. Suppose -z = 4*z - b. What is the units digit of z?
7
What is the units digit of -18*((-222)/12 + 1)?
5
What is the units digit of (12/22)/(-3) + 47160/198?
8
Suppose -9*h + 6*h = -66. Let s = -2 - h. What is the tens digit of 6/(-2)*296/s?
3
Let l be (-42)/(-20) - 1/10. Suppose 0*y - 9 = -3*y. Suppose y*o + 12 = 4*x - 20, -4*o = -l*x + 16. What is the units digit of x?
8
Let v(l) = 11*l - 40. Let h be v(4). Suppose -3*i = -h*x + 773, 3*x = -2*x + 2*i + 968. What is the units digit of x?
4
Let h = -541 - -2033. What is the tens digit of h?
9
Suppose 2*d + 2*x - 46 = 0, d + 2*x = 34 - 13. Suppose -d*w - 107 = -26*w. Suppose -2*m = -w - 7. What is the units digit of m?
7
Let c = -5 + 8. Suppose -k + c*k - 10 = 0. Suppose -k*d = 4*i - 125, i + 4*i - 88 = -3*d. What is the units digit of d?
1
Let r(x) = x**3 - x**2 - 5*x + 2. Let m be r(3). Suppose 44*y = 46*y. Suppose y = -4*l - m*s + 172, 12 = 3*l + 2*s - 124. What is the tens digit of l?
4
Let x(t) = -4*t - 5. Let y be x(-2). Suppose 30 = -y*q + 6*q. What is the tens digit of 249/15 + 4/q?
1
Suppose -f = 2*f + 3*r + 420, 556 = -4*f - 3*r. Let k = 275 + f. What is the units digit of k?
9
What is the units digit of 7/14 - 1 - 822/(-4)?
5
Let s(r) = -28*r + 1. Let m be s(2). Let b = -11 - m. Suppose 5*a - b = 136. What is the units digit of a?
6
Suppose 13*v = 10*v + 15. Suppose -6*m + v*m = -5*r + 611, -5*r = -5*m - 595. What is the units digit of r?
3
Let a = 9512 - 5333. What is the units digit of a?
9
Let h(p) = -97*p - 3. Let x be h(1). Let o be x/7 - 14/(-49). What is the tens digit of (126/o)/((-2)/6)?
2
Let g = 144 + -52. What is the units digit of g?
2
Suppose 9 = 26*f - 29*f, -f + 4992 = 3*w. What is the thousands digit of w?
1
Let o(s) = -70*s + 23. Let t be o(-6). Suppose -5*p = -217 - t. What is the units digit of p?
2
Let m(n) = -n**3 + 2*n**2 + 23. Suppose -4*c + 8*c = 0. What is the tens digit of m(c)?
2
Suppose 2*c + 0*c = 5*k + 29, -11 = k - 3*c. Let g(y) = -16*y - 23. What is the units digit of g(k)?
7
Suppose -2*g + 5 = -5. Let y(h) be the first derivative of 3*h**2/2 + 6*h - 441. What is the tens digit of y(g)?
2
Let j(x) be the third derivative of -x**6/24 + x**5/12 + 7*x**4/24 + x**3/2 + 8*x**2. What is the tens digit of j(-3)?
6
Suppose 18*f - 38*f + 37520 = 0. What is the units digit of f?
6
Let s = 5 - 2. Suppose -s*z = -12 - 12. Let f = 18 - z. What is the units digit of f?
0
Suppose -7*k + 26 = -324. What is the hundreds digit of 922/4 + k/(-20)?
2
Let i = -3 + 6. Suppose -165 = -i*h + 3*v, -75 = -4*h + 2*h - 5*v. Suppose 6*d = d + h. What is the tens digit of d?
1
Let b(c) = -c**2 - 1. Let p(u) = -4*u**2 - 6*u - 1. Let j(v) = 3*b(v) - p(v). What is the units digit of j(5)?
3
Let c 